ctors of z.
103
Let s = -33 + 67. What are the prime factors of s?
2, 17
Suppose 0*h + 4*h - 1422 = -5*g, -5*g - h = -1413. List the prime factors of g.
2, 3, 47
Suppose -p - 2*n = -46, -5*p - 61 = -5*n - 336. What are the prime factors of p?
2, 13
Let c(a) be the third derivative of a**5/60 + a**4/3 + 5*a**3/3 - 3*a**2. List the prime factors of c(-8).
2, 5
Let h(s) = -s**2 + 9*s + 11. Let d be h(11). Let k(i) = -i**2 - 13*i - 5. What are the prime factors of k(d)?
17
List the prime factors of (-43)/(((-9)/3)/24).
2, 43
List the prime factors of ((-25)/(-10) - 3)*-324.
2, 3
Suppose -3*n = -0*n - 78. List the prime factors of n/10*-1*-5.
13
Let v(s) be the third derivative of s**5/30 + s**4/8 + s**3/6 + 3*s**2. What are the prime factors of v(-2)?
3
Let h(k) = k + 2. Let s be 4/(-18) - 130/(-18). List the prime factors of h(s).
3
Let c = -75 + 72. Let l(h) be the first derivative of h**4/4 + h**3 - 5*h**2/2 - 2*h - 1. What are the prime factors of l(c)?
13
Let k = -1 - 2. Let l = k - -5. Suppose -3*m + p + 26 = 0, 3*p - 30 - 2 = -l*m. What are the prime factors of m?
2, 5
Let h be 5 + -2 + (-27)/(-9). Suppose -h*p = -7*p + 51. List the prime factors of p.
3, 17
What are the prime factors of (-14)/1*(-330)/44?
3, 5, 7
Suppose 0 = -0*d - 4*d + 100. What are the prime factors of d?
5
Let o be 1/(-3 - (-8)/3). List the prime factors of 43*(3 - (-1 - o)).
43
Let m(d) be the first derivative of 31*d**4/4 + d**3/3 - d**2/2 - 1. What are the prime factors of m(1)?
31
List the prime factors of (-20)/8*8/(-2).
2, 5
Let n be (12/(-2) - 0)/(-2). Let u(t) = -t**3 - 6*t**2 + t + 6. Let q be u(-6). Suppose q = -n*p + 18 + 9. What are the prime factors of p?
3
Suppose -n + 5*n = -5*h + 1549, -3*h + 5*n = -959. List the prime factors of h.
313
Suppose 9 - 29 = -5*o. Let b(h) = h - 1. Let q be b(o). List the prime factors of (4 - q)/((-1)/(-23)).
23
List the prime factors of 2/4 + 0 - 538/(-4).
3, 5
Let m(k) = -k + 12. Suppose -3*l + 20 = -7. What are the prime factors of m(l)?
3
Let d(u) = u - 2. Let o be d(-3). Let z(j) be the third derivative of j**5/60 + j**4/8 - j**3 + 42*j**2. List the prime factors of z(o).
2
Let p(x) = x**2 + 7*x + 10. Let b be p(-7). List the prime factors of 435/b*6/9.
29
Let y(r) = 5*r**2 + 2*r - 4. Let t(v) = v**2 + v - 1. Let z(d) = 6*t(d) - y(d). What are the prime factors of z(-6)?
2, 5
Let l be 1 - 0*(-1)/2. Suppose 0 = 2*j + 2*j. List the prime factors of (3 - l - j) + 5.
7
Suppose 4*k + 8 = 20. Suppose -k*l = 0, 5*l - 282 = -5*p - 82. What are the prime factors of p?
2, 5
Let n = 83 + -40. Suppose 3*p - 32 = n. List the prime factors of p.
5
Let k(y) = 4*y**2 - 3*y. Let m(q) = 11*q**2 - 8*q - 1. Let w(f) = -8*k(f) + 3*m(f). Let v be w(6). Suppose 0 = 4*u + 13 - v. What are the prime factors of u?
5
Let w = -193 - -288. List the prime factors of w.
5, 19
Let q(v) be the second derivative of -v**4/12 + 5*v**3/3 + v**2 - 2*v. List the prime factors of q(5).
3
Let t(b) = -b**3 + b**2. Let p(a) = 3*a**3 - 5*a**2 - 3*a - 1. Let z(o) = -p(o) - 4*t(o). Let w be z(-2). What are the prime factors of 2/9 - 97/w?
11
Let z = 231 + -116. What are the prime factors of z?
5, 23
Suppose 0 = 2*d - 6*d - w + 286, -5*d + 4*w = -368. Suppose -z = -2*y + d, -150 = -4*y + z - 2*z. List the prime factors of y.
37
Let a be (-10)/(-4*(-2)/(-4)). Suppose a*l = 18 + 52. List the prime factors of 1*l/2 - 2.
5
Let n(l) = 8*l**2 + 0*l - 4 + 10 - l**3 - l. Let a be n(8). Let z = 10 + a. What are the prime factors of z?
2
Suppose -2*a + a = -2. Suppose -3*s + a*s = 4. What are the prime factors of (s + 2)/(-2) + 3?
2
Let j(x) = 4*x + 3*x + 8 - 6*x. Let h be j(-6). Suppose 20 = 3*p + t, h*p + 2*t - 8 = 4*t. List the prime factors of p.
2, 3
Let f(a) = -10*a**2 - 15*a - 1. Let i(l) = -2*l**2 - 3*l. Let t(z) = 2*f(z) - 11*i(z). List the prime factors of t(-3).
7
Let h(m) = 91*m**3 + 2*m - 1. Let k be h(1). Suppose 0 = -7*l + 3*l + k. What are the prime factors of l?
23
Let v = 11 + -8. Suppose -v*d + 13 = -14. What are the prime factors of (1 - -2)*12/d?
2
Suppose -225 = -6*n + n. List the prime factors of n.
3, 5
Let k(v) = -v + 9. Let w be k(7). Suppose y + 4 = w*y. Suppose 2 = y*l - 10. List the prime factors of l.
3
List the prime factors of (0 + 4/4)*11.
11
List the prime factors of ((-246)/8)/((-6)/8).
41
Let o(r) = -r**3 + 4*r**2 + 4*r - 1. Let t be o(5). Let z be ((-4)/(-6))/(t/(-9)). Let m = 2 + z. What are the prime factors of m?
3
Let a be 1*(-2 + 3)*2. Suppose -p + y + 10 = -0*p, 0 = -y + a. What are the prime factors of p?
2, 3
Let w(a) = a**3 + a**2 + a + 59. Let n be w(0). Let v = n - 31. What are the prime factors of v?
2, 7
Let i be -2 - (-26 - 4) - -1. Let t = 75 + -45. Suppose -3*n - i = -0*z - 2*z, -2*z + 4*n = -t. What are the prime factors of z?
13
Let g(m) = -m**3 - 10*m**2 + 4*m + 15. What are the prime factors of g(-12)?
3, 5, 17
What are the prime factors of (36/(-7))/((-14)/441 + 0)?
2, 3
Let g be (-1)/2 + (-2)/(-4). Suppose g = -3*d + d. Suppose 5*k = 25 - d. What are the prime factors of k?
5
Suppose -103 = -5*n + 52. What are the prime factors of n?
31
Suppose -4 = -3*x + 11. Suppose -3*m + x*m = 54. What are the prime factors of m?
3
Let n(u) = -2*u**3 - 23*u - 4 + 24*u + 2 + u**2. What are the prime factors of n(-2)?
2
List the prime factors of ((-6)/4)/(27/(-630)).
5, 7
Let i(g) = g**3 + g**2 - 2*g + 3. Let d be i(-3). Let z = d - -5. Let q = 22 + z. What are the prime factors of q?
2, 3
Let k(v) = -v**3 - 4*v**2 - 4*v + 1. Let u be k(-3). Suppose -11*m + 72 = -5*m. Suppose -m + 0 = -u*w. What are the prime factors of w?
3
What are the prime factors of (35/28)/((-1)/(-52))*2?
2, 5, 13
Let v(r) = -r**3 + 10*r**2 - 9*r + 7. Let o be 7 - 2*(2 - 3). Let s be v(o). Suppose -s*g = -2*g - 50. List the prime factors of g.
2, 5
Let g(r) be the first derivative of r**3/3 + 3*r**2 + 4*r - 1. Suppose 6 = -3*d + 2*d. List the prime factors of g(d).
2
Let y(b) = -2*b - 6. Let j be y(-5). Let m(q) = 2*q - 6. List the prime factors of m(j).
2
Let a(u) = u**2 - 8*u + 5. Let l(j) = -j**2 + j. Let q(c) = a(c) + 2*l(c). Let p(k) = -k**2 + 4*k - 1. Let z be p(5). What are the prime factors of q(z)?
5
Let y = 728 - 396. What are the prime factors of y?
2, 83
Let f(c) = 2*c - 3. Let y be f(-4). Let p(h) = -h**3 - 10*h**2 + 8*h - 10. Let z be p(y). What are the prime factors of (-6)/(-9)*(z + 1)?
2
What are the prime factors of 2/(-5*4/(-1520))?
2, 19
Let h(w) = w + 2. Let n be h(4). Let s(u) = 1 + n + u - 3. List the prime factors of s(4).
2
Let y = 101 - 5. What are the prime factors of y?
2, 3
List the prime factors of 6/(-21) + (-2704)/(-56).
2, 3
Suppose -4 = -4*f + 4. List the prime factors of f.
2
Let s(x) = x**3 - 5*x**2 + 5*x + 1. Let m be s(4). Let t = -44 + 63. Suppose m*b + 1 = -3*y, -3*y - 5*b + 4*b + t = 0. What are the prime factors of y?
2
Suppose -2*k = 5 + 5. Let j = -11 - 4. Let l = k - j. List the prime factors of l.
2, 5
Suppose -5*z = 2*f + 2*f, -2*z + 13 = -f. Suppose 0 = -u + 5 + z. List the prime factors of u.
3
What are the prime factors of (-9)/(-3) - 1 - -32?
2, 17
Suppose 3*r - 6 = 18. Let o = r - 6. List the prime factors of o.
2
Let q = 15 - -13. What are the prime factors of q?
2, 7
Suppose -1 = r, 3*y + 4*r - 29 = 6*r. Let n = y - 6. Suppose -3*p + 3*g = -12, 0 = 2*p - p + n*g - 12. List the prime factors of p.
2, 3
Let n be ((-2)/3)/(2/12). Let t be (-6)/(-27) - n/(-18). Suppose -5*x + 4*k + 15 = t, -1 - 5 = -2*x - 3*k. List the prime factors of x.
3
Let i be (2 - 2)/(2/(-1)). Suppose -3*o = -i*o - 30. What are the prime factors of o?
2, 5
Let h = 4 + 0. What are the prime factors of (2/h)/(8/272)?
17
Let o = 15 - 11. Suppose 7 = 5*p + 4*q - 41, p + o*q = 0. What are the prime factors of p?
2, 3
Suppose v + 133 = 2*w - 23, 3*w - 245 = -4*v. What are the prime factors of w?
79
Suppose 5*q - 224 = q. List the prime factors of q.
2, 7
Let u be 176/(-10) - (-10)/(-25). Let d be (u/4)/(2/(-8)). Let r = d + -11. List the prime factors of r.
7
Let r(h) = 20*h**2 - 5*h - 3. List the prime factors of r(-2).
3, 29
Let l = 18 + -7. Suppose -3*j = j. Suppose -4*y + 1 + l = j. List the prime factors of y.
3
Let w = 7 + -3. Suppose -2*b = -x - x + 4, w = 3*b - x. Suppose -4*p + b*p = -4. List the prime factors of p.
2
Let h(y) =